digit of m?
0
Let y(f) = -38*f + 76. Let r be (-505)/30 - (-5)/(-30). What is the hundreds digit of y(r)?
7
Let m(s) be the second derivative of 32*s**3 + 9*s**2/2 + 30*s. Let f be m(-2). Let y = -244 - f. What is the hundreds digit of y?
1
Let o = -6470 + 14472. What is the hundreds digit of o?
0
Let i = -1968 + 4608. What is the units digit of i?
0
Let y(d) = 2*d**3 + 116*d**2 - 140*d + 256. What is the units digit of y(-49)?
4
Let s(g) = 2*g**2 - 12*g + 20. Let y be s(2). Let w(u) be the second derivative of u**5/20 + u**4/12 - 3*u**2/2 + 3*u. What is the tens digit of w(y)?
7
Suppose 5*f - 18*f + 52 = 0. What is the units digit of (2 + f/(-1))*4362/(-12)?
7
Let w = 1384 - 631. Let s = w + -337. What is the tens digit of s?
1
Let v = -257 + 665. Suppose 12*o - v = 9*o. What is the units digit of 4/(-22) + o/22?
6
Let g = -44 + 94. Suppose 6 = -4*k + g. Suppose 34 = -9*m + k*m. What is the units digit of m?
7
Let u(b) = 3*b**2 - 6*b + 17. Let t be u(6). Let a = 11 - 16. Let g = t + a. What is the units digit of g?
4
Suppose -21*y + 27*y - 24 = 0. Suppose 0 = -3*z + 4*u + 1340 + 394, 0 = 3*z + y*u - 1758. What is the units digit of z?
2
Let v(n) = 123*n + 1910. What is the tens digit of v(55)?
7
Suppose -19*n = -17*n - 42. Suppose -16*q = -17*q - n. Let v = 45 + q. What is the units digit of v?
4
Let d(x) = -5*x**2 + 63*x + 30. Let j be d(13). Suppose j*m - 2345 + 273 = 0. What is the hundreds digit of m?
5
Let m(o) = 2*o**2 + 13*o + 9. Let u be m(-3). Let q = u + 361. What is the units digit of q?
9
Let y = -29368 + 54867. What is the hundreds digit of y?
4
Suppose -6 = -4*i + 14, 15 = -a + 4*i. Suppose 2*n = -z + 196, -3*n + 975 = a*z + 9. What is the tens digit of z?
9
Suppose -18*h + 48470 = -13*h + 3*w, -2*w = -10. What is the hundreds digit of h?
6
Suppose -49*d + 4386 = -15*d. Suppose d*l - 133*l + 2424 = 0. What is the tens digit of l?
0
Suppose -5*o + 71 - 6 = 0. Suppose 16*n - o = 14*n - 5*w, 2*n - 2*w = 6. What is the units digit of n?
4
Suppose 1 = -b - 5. Let i be 1214/(-10) - b/15. Let g = -63 - i. What is the tens digit of g?
5
Let q = -3344 + 1469. What is the units digit of 5 - 2 - (-2 + q)?
0
Suppose 0 = k + 2*g - 3922 + 1247, -2*k = 2*g - 5362. What is the tens digit of k?
8
Let c = -5355 + 13322. What is the thousands digit of c?
7
Let k = 10415 + 8612. What is the units digit of k?
7
Suppose u + 3*q = -0*u - 1, -14 = 3*u - 2*q. Let a be 211/((-2)/(-3)*(-6)/u). Let g = a + -75. What is the hundreds digit of g?
1
Suppose 4 = -g, 5*m = -0*m + 3*g + 32. Suppose 0 = 3*x + 5*p - 1125, x - 3*x = -m*p - 728. Suppose h = 5*l - 4*h - x, 5 = h. What is the tens digit of l?
7
Let c = -3372 - -6697. What is the tens digit of c?
2
Let m = -1315 - -1309. Let a(g) be the second derivative of -g**5/20 - g**4/2 - 2*g**3/3 - 11*g**2/2 - g. What is the tens digit of a(m)?
1
Let w(o) = o**2 + o - 1. Let f(r) = 14*r**2 - 8*r - 16. Let y = -75 - -78. Let j(h) = y*w(h) + f(h). What is the tens digit of j(-3)?
4
Let j(u) = -4*u + 2. Let q be j(-2). Suppose 0 = -4*v + q*v. Suppose v = d - 2*d + m + 58, -4*d + 3*m = -231. What is the tens digit of d?
5
Let o(h) = 2*h**2 - 21*h - 11. Let v(c) = 2*c**2 - 22*c - 12. Let w(f) = -3*o(f) + 2*v(f). Let i be w(10). Let n = i - -38. What is the tens digit of n?
3
Suppose 46*y + 5*y - 229245 = 0. What is the tens digit of y?
9
Suppose 2*j - 824 = 5*g, 10*j - 9*j = 6*g + 405. What is the units digit of j?
7
Let v(p) = -49*p - 1. Let i be v(-3). Suppose 0 = -2*k + 110 + i. Suppose 3*t = b - 4*b + 339, 0 = -t + 2*b + k. What is the tens digit of t?
1
Let l(q) = q**3 + 31*q**2 + 32*q - 25. Suppose -1648 = 45*m - 343. What is the units digit of l(m)?
9
Let o = 29 + -17. Let q be (18/o)/((-9)/(-12)). What is the tens digit of -78*q*((-22)/6 - -3)?
0
Let v be 1*(15 + (-2)/((-4)/(-6))). Let i(h) = -h**3 + 13*h**2 - 9*h - 20. Let q be i(v). Let s(t) = 8*t + 52. What is the hundreds digit of s(q)?
1
Suppose -x = 2*l + 13, -2*x - 2 = -2*l - 0. What is the units digit of ((12/(-15))/(-1))/(l/(-1970))?
4
Let p be (0 - 1382) + 0/(-14). Let y = -986 - p. What is the hundreds digit of y?
3
Suppose 0 = 4*t + 4*f - 240, -f - 269 = -4*t - 9. What is the units digit of t?
4
Suppose 5*n = 5*v + 334080, -72*n + 4*v - 133668 = -74*n. What is the ten thousands digit of n?
6
Let r(b) = -b**3 - 5*b**2 - 7*b - 1. Let w be r(-3). Suppose 16*j = 19*j - w*l - 3184, 3*l - 2101 = -2*j. What is the hundreds digit of j?
0
Let s(i) = i**3 - 9*i**2 + 10*i + 72. Let r be s(8). Let y = 26 + r. What is the tens digit of y?
1
Let u be -4 + 15/5 - -3. Suppose -189 = -t - 4*t - u*h, 2*t + h = 76. Suppose -t*n + 34*n = -606. What is the tens digit of n?
0
Let w(m) be the first derivative of -m**3/3 - 4*m**2 - 9*m + 3. Let t be w(-5). Let k(s) = s**2 - 2*s - 12. What is the tens digit of k(t)?
1
Let u be (6/1)/2 + -149. Let m = 14 - u. What is the units digit of m?
0
Let v(n) = -961*n - 8419. What is the hundreds digit of v(-23)?
6
Let f = 30594 + -18395. What is the thousands digit of f?
2
Let k be ((-4 + 8)/4)/(3/(-6)). What is the units digit of ((-1269)/18)/(1/k + -1)?
7
Suppose 13*a + 825 = 14*a. Suppose -a = -18*k + 7*k. What is the tens digit of k?
7
Let t(b) = -15*b**3 - 19*b**2 + 11*b + 49. What is the tens digit of t(-7)?
8
Let y(o) = o**3 - 17*o**2 - 9*o - 126. Let w be y(28). Suppose -35*r + w = -9044. What is the units digit of r?
4
Let l(x) = -4*x - 28. Let n be l(-8). Let o = n + 123. Suppose o*t - 130*t = -777. What is the units digit of t?
9
Let b be 2/(226/(-38) + 6). Suppose 2*c = 2*j - b, 0 - 73 = -2*j - 5*c. What is the tens digit of j?
2
Suppose -l - 470 = -f, -2*f - 3*l = 2*f - 1866. Suppose 0 = -6*v + 15*v - f. What is the tens digit of v?
5
Let p be (0 - (-7)/7)*4. Suppose -51 = p*l - 347. What is the tens digit of l?
7
Suppose 16*b - b = 21*b - 48600. What is the tens digit of b?
0
Let z(o) = -4*o + 25. Let p be z(5). Suppose -16*k = -p*k - 935. Suppose s = -3*g - 4*s + 223, g - k = s. What is the tens digit of g?
8
Let v(k) = -k**3 - 19*k**2 + 20*k + 16. Let p be v(-20). What is the tens digit of 9/4 - 2 - (-4604)/p?
8
What is the units digit of (-65)/((-65)/38148) - 13?
5
Suppose 7716 = -25*j + 80691. What is the tens digit of j?
1
Suppose n - 5*o = 13560, 2*o + 14 = -2*n + 27206. What is the hundreds digit of n?
5
Let r(w) = -w**3 - 9*w**2 - 13. Let y be 6/(-4)*(-200)/(-30). What is the tens digit of r(y)?
8
Let g(y) = -2*y - 49. Suppose 93 = -4*u - 3. Let c be g(u). What is the units digit of 4/(-16) - (1124/16)/c?
0
Let w(g) = g**3 - 12*g**2 + 15*g - 12. Let n be 7/(35/55) + 1. What is the tens digit of w(n)?
6
Suppose 10*j = -3*g + 145130, 5*g - 150355 - 91666 = 3*j. What is the thousands digit of g?
8
Let i(d) = -d**3 - 7*d**2 - 7*d - 3. Let a be i(-6). Let n be (-1)/a*5*-3. Suppose -4*h + 5*b = -264, n*h - 371 = b - 5*b. What is the tens digit of h?
7
Suppose 90*p = 2871562 + 1043618. What is the ten thousands digit of p?
4
Let t be (-494)/57*(-12 + -2 - 1). Let a = t - -558. What is the units digit of a?
8
What is the hundreds digit of (17/(-4) + 0)/(-9*(-26)/(-94536))?
7
Suppose 13*j - 7*j = -1248. Let y = j + 445. What is the hundreds digit of y?
2
Let o(s) = -s**3 - 2*s**2 + 9. Let a be o(0). Suppose a*p = 16*p - 2191. What is the units digit of p?
3
Let o(m) = -m**2 + 4*m - 3. Let q be o(-11). Suppose -6*b = 31 - 85. What is the units digit of (-3)/(2/(q/b))?
8
Suppose 0 = 2*b - 5*x + 25, -x = 3 - 8. Suppose -4*g + 2*g + 5*d = -481, b = -d + 5. What is the hundreds digit of g?
2
Suppose 0 = -2*g + 9*d - 10*d + 465, 4*g = 5*d + 965. Let w = g - -58. What is the hundreds digit of w?
2
Suppose 5*j - 6*j - 4*o + 24 = 0, 0 = 2*j - 3*o - 4. Let s(b) = -b + 5 - b + j. What is the tens digit of s(0)?
1
Suppose -11*y = 29*y + 1800. Let f be (1 + 0)*(2 + -2). What is the tens digit of y*((4 - 5) + f)?
4
Suppose 2*z + 2 = 2*n, n - 4*n - 3*z = -3. Suppose -j + 3 = 5*r + n, -2*j + 4 = 5*r. What is the units digit of ((5 - r) + -3)*42?
4
Let c(z) = -2*z**2 - 5*z - 2. Let s be c(-2). What is the units digit of -433*(-1 + s) - (6 - 4)?
1
What is the thousands digit of 567/6*(-150834)/(-483)?
9
Suppose 4*g + g = 3*x + 886, -x = -5*g + 882. Suppose -g = -k - 4*c, 13*c + 599 = 4*k + 8*c. What is the hundreds digit of k?
1
Let 